f -u**2 - 5*u - 47. Give w(-6).
7
Let o(k) be the first derivative of -3*k**2/2 + k - 271. Suppose 0 = -5*h + 22 + 8. Calculate o(h).
-17
Let d(l) = -l**2 - 6*l - 7. Let u(q) be the second derivative of -q**5/20 + q**4/12 - q**3/2 + 3*q**2/2 - 9*q. Let z be u(2). Let y = 2 + z. Calculate d(y).
-2
Let u(h) = -h**3 - 18*h**2 - 17*h + 7. Let c be (-3)/((-96)/(-16)) - (-33)/(-2). Give u(c).
7
Let t(a) be the third derivative of 0 - 1/12*a**4 + 1/6*a**3 + 12*a**2 + 0*a. Determine t(-2).
5
Let b(k) = -8 + 21*k + 15 - 23*k + 12. What is b(13)?
-7
Let u = -31 - -36. Let b(a) = 5 + a**2 + 4*a - 2*a + 2*a - u*a. Calculate b(4).
17
Let w(p) = -p**3 - 3*p**2 - 2*p + 1. Let t = -748 - -745. What is w(t)?
7
Suppose -8 = 2*g + 4. Suppose 4*v - 3*h = -7*h, 3*v = 4*h + 28. Let y(j) = 4*j**2 - 5*j**2 - 6*j**2 - j**3 - v*j - 3*j. Calculate y(g).
6
Let a(f) = 2*f**2 + 42*f + 13. Let h = -1810 + 1789. What is a(h)?
13
Let l(h) = -4*h + 3*h - 2940 - 2*h + 2935 + 2*h. What is l(11)?
-16
Suppose -5*a - 3*i - 16 = -i, 0 = 4*a - i + 5. Let l(g) = -3*g**2 - 3*g - 4. What is l(a)?
-10
Let d(z) = -z + 19 - 15 - 10 - 11. Give d(-9).
-8
Let h be 6*5/30*-1 + 6. Let p(a) = a**3 - 3*a**2 - 13*a + 10. Calculate p(h).
-5
Let w(l) = -3*l + 3 + 1 + 2*l. Suppose -5*i + 3*f - 9 = -0*f, -2*i - 10 = 2*f. Give w(i).
7
Let a(s) = 3*s. Suppose 7*u + 39 = 95. Give a(u).
24
Let a = 101 + -110. Let j(h) be the third derivative of -h**6/120 - h**5/6 - 5*h**4/12 - h**3/2 - 4*h**2. What is j(a)?
6
Let k(l) = -443*l - 4 - 4*l**2 - 3*l**3 + 440*l + 4. Give k(-2).
14
Let u(q) = -10*q + 3*q - 3*q + 4*q. Let w = 7 - 10. Let z(a) = 2*a. Let v(c) = w*u(c) - 8*z(c). Give v(3).
6
Let a(t) = -2*t + 2. Let s(p) = -7*p + 15. Let v(h) = -6*a(h) + 2*s(h). What is v(6)?
6
Let u(r) be the first derivative of -r**3/3 - 3*r**2 - 2*r - 772. Give u(-5).
3
Let v be 1/(14/(-24)) + (-10)/35. Let k(z) = -2*z - 1. What is k(v)?
3
Let l(g) be the first derivative of 3*g**2/2 + 2*g - 53. Calculate l(-6).
-16
Let c(y) = y**3 + y**3 - 5 + 4 + y - y**3 - 2*y**3 + y**2. Suppose -2*l = -3*l + 1. Give c(l).
0
Suppose 6*z + 12 - 42 = 0. Let t(u) = u**3 - 4*u**2 - 7*u + 3. Give t(z).
-7
Let v = -453 + 459. Let o(c) = c - 10. Give o(v).
-4
Let z(s) = 6*s. Let m = -685 - -685. Give z(m).
0
Let z be (-40)/(-14) + -3 - 950/(-133). Let t(n) = n**3 - 8*n**2 + 7*n + 3. Determine t(z).
3
Let w(u) = u**2 + u - 11. Let h be (2 + 2)/(-4) + 1. Suppose 4*m + 5*f = -h*f + 11, 4*m - 5*f = 21. Suppose i = -m*i. Calculate w(i).
-11
Let k = -20 - -30. Let b(h) = h - 10. Let q be b(k). Let i(y) = q*y**2 - 6 - 6*y**2 + y**3 + 11*y - 11*y. Give i(6).
-6
Let s(t) = -2*t + 3*t**3 + 3 + 2*t**3 - 6*t**3 - 3*t**2. Give s(-3).
9
Let s(l) be the first derivative of -l**3/3 + 7*l**2/2 + 3*l - 13. Suppose -28 = 16*m - 20*m. Determine s(m).
3
Let p(r) be the third derivative of r**4/24 + 5*r**3/3 - r**2 + 346*r. Suppose 2*o + 3*o = -4*a, 3*a = o. Calculate p(o).
10
Let f be (-2 - (-1)/1) + 1. Let q(h) = -4*h + 0*h + 4 - 2 + 5*h. Let b(t) = -1. Let n(z) = 6*b(z) - q(z). Give n(f).
-8
Suppose -2*t = -22 + 12. Let i be 4 + (1 - t) - 8. Let v(x) = -x - 9. Calculate v(i).
-1
Let j be 4/(3 - (-66)/(-30)). Let v(r) = -r**2 + 10*r - 24. What is v(j)?
1
Let a(w) = -w**2 - 2*w + 2. Let m be a(-3). Let c(k) = -k**2 + k. Let i(p) = -p**2 - 5*p - 5. Let h(z) = m*i(z) + 2*c(z). Determine h(7).
5
Let a(k) = -k + 2. Let o(j) = j**3 - 12*j**2 - 19*j - 17. Let d be o(14). Let l = -109 + d. Calculate a(l).
2
Let f(k) = -5*k + 17. Let o(w) = -4*w + 15. Let y(i) = 2*f(i) - 3*o(i). What is y(6)?
1
Let p = -906 - -903. Let c(g) = -g**2 + 3*g. Give c(p).
-18
Suppose -5*w + 16 = x, -8*x = -3*w - 3*x + 4. Let p(j) = -j**3 + j**2 + 2*j + 2. Give p(w).
-10
Suppose m = -5*l + 16, -3*l + 4 = -5. Let o be 8 - (m + 2)/1. Let q(p) = -p**3 + 5*p**2 - p + 1. What is q(o)?
-4
Let p(b) = b**3 + 3*b**2 - b - 4. Suppose 0 = -4*s - 4*l + 8, -2*l = 2*s - 6*l + 26. Give p(s).
-1
Suppose 3*g - g = 0. Suppose -4 = i, -5*n + g*i + 31 = -4*i. Suppose -16 = -4*z - 2*j, 2*z = n*z - 2*j - 14. Let a(m) = -m**3 + 6*m**2 - 7. Calculate a(z).
-7
Let r(y) = -y**2 + 3. Let p(j) = j**2 + 2*j - 222. Let m be p(14). Give r(m).
-1
Let c(v) = 4 - 6*v**3 + 8*v + 0 + 7*v**3 + 9*v**2. What is c(-8)?
4
Let z(l) be the first derivative of 1/2*l**2 - l - l**3 - 2. Determine z(2).
-11
Suppose 5*n + 1 = -2*v + 25, -5*n + 22 = v. Let l(c) = 7*c + 1. Determine l(v).
15
Let k(l) = l**3 + 10*l**2 + 9*l - 9. Suppose 0 = 11*a - 5*a + 48. Let v be a/(-2) - (1 + -1 + 13). Give k(v).
-9
Let z(m) = -m**3 + 2*m**2 + 8*m - 4. Suppose 2*u - 4 = 0, -4*l - 4*u + 3*u = -14. What is z(l)?
11
Let r = 18 + -21. Let j be 30/9*r/(-2). Let p(i) be the second derivative of i**5/20 - i**4/3 - 5*i**3/6 + 2*i. Give p(j).
0
Let t(p) = 2*p + 20. Let z(v) = 9*v + 277. Let d be z(-32). Calculate t(d).
-2
Let d(g) = 2*g**3 + 3*g**2. Let q(r) = -3*r**3 - 7*r**2 - 1. Let y(p) = -5*d(p) - 2*q(p). Determine y(1).
-3
Let n(t) = t**2 + 5*t + 2. Let g(d) = d**2 + 4*d + 1. Let x(m) = 3*g(m) - 2*n(m). Determine x(-2).
-1
Let n(p) = p - 1. Let c(b) = b**3 + 1 + 5*b - 2 - 7*b**2 + 1. Let i(y) = c(y) + 4*n(y). Determine i(6).
14
Let c(u) = -5*u - u + 5*u - 6. What is c(-11)?
5
Suppose 0 = 2*n - 6, 3*r - 20*n = -22*n + 18. Let p(g) = -g**3 + 5*g**2 + 3*g + 2. Determine p(r).
30
Let t(v) = 19*v - 3 - 2 + 22 - 18*v. Give t(-16).
1
Suppose 2*t + 4 = 0, -n + 0*n + 3*t + 9 = 0. Suppose -n*x + 1 = -2. Let v(k) = -2*k + 1. Calculate v(x).
-1
Let h(i) = 1 + 13*i**2 - 14*i**2 - 3 - 13*i. Calculate h(-12).
10
Let a(r) be the first derivative of -r**4/4 - 7*r**3/3 + 4*r**2 - 47. Give a(-8).
0
Let k(g) be the first derivative of g**3/3 + 11*g**2/2 + 3*g + 48. Determine k(-10).
-7
Let m(w) = -86 + 63 + 22 - 4*w. Suppose -3*q = 5*h - 9, 2*q + 16 = h + 3*h. Give m(q).
7
Let p(q) = q**3 - 3*q**2 - 6*q - 7. Suppose -31*l = 2*l - 165. Give p(l).
13
Suppose 0 = -2*q - 28 + 36. Let i(s) = 5*s - q*s**2 - 2*s + s**2. Calculate i(2).
-6
Let i(k) = 5*k - 6. Let f be 1*(3 + -10 - -12). What is i(f)?
19
Let m be 5*(42/(-15) - -3). Let u(t) be the third derivative of -t**4/2 + t**2. What is u(m)?
-12
Let u = 31 + -27. Suppose 0 = t, u*y - t = -2*t + 16. Let c(v) = -v**2 + 6*v - 1. Determine c(y).
7
Let t(h) = h**2 + 5*h - 1. Suppose -3*o = 2*d + o - 46, -3*d - 2*o = -81. Suppose -w + 10 = -2*a + w, 4*w = -3*a - d. What is t(a)?
13
Let b(j) = -5*j**2 + 2*j - 1. Let r(s) = -s**3 - 6*s**2 - s + 23. Let v be r(-5). Suppose -v*i = f - 7, f + 5 = 6*f. What is b(i)?
-17
Let f be 26/4 + -7 - (-29)/2. Let n(a) = -a + 14. Give n(f).
0
Let l = -20 - -25. Let f be (-10)/l*(-20)/(-5). Let z(q) = q**2 + 7*q - 7. Determine z(f).
1
Let n(t) = 4*t + 5. Suppose x + 5*u + 2 = -10, 5*x + 2*u + 37 = 0. Calculate n(x).
-23
Let w(y) be the third derivative of 7/24*y**4 - 1/3*y**3 - 10*y**2 + 1/120*y**6 + 7/60*y**5 + 0 + 0*y. Give w(-6).
-8
Let q(p) be the second derivative of p**4/12 + 11*p**3/6 - 5*p**2/2 - 35*p + 1. Determine q(-9).
-23
Let h be (24/12)/(4/22). Suppose 3*r + 0*r - h = i, -3*i = -5*r + 25. Let b(q) = 0*q**r - 14 + 7*q - q**2 + 5. Give b(6).
-3
Let l(m) = 5 - 8*m**2 - 8*m**2 - 8*m**2 - m - 11*m**2 + 36*m**2. Calculate l(3).
11
Let c be ((-2)/(-6))/((-7)/21). Let q(p) = 16*p**2 - 6*p**2 + 12 + 4*p - 5 - p**2. Let o(d) = 4*d**2 + 2*d + 3. Let x(t) = -5*o(t) + 2*q(t). Calculate x(c).
-1
Let g(m) = -11*m + 10. Let x(s) = 5*s - 5. Let u(j) = -4*g(j) - 9*x(j). Let k(p) = 4*p - 7. Let i be k(3). Let l be 33/i + (-9)/15. What is u(l)?
-1
Let d(w) = -w**3 + 2*w**2 + 5*w - 2. Suppose 427 = 72*m + 67. Give d(m).
-52
Let n = -1 - -8. Let t(a) = -26*a**3 - 7*a**2 - 2 - 27*a**3 + 54*a**3 + 4. Give t(n).
2
Let g(f) be the third derivative of f**6/120 + f**5/12 - f**4/24 + 7*f**3/6 + 39*f**2. Calculate g(-5).
12
Let c(m) = -2*m - 1. Suppose -287*n + 300*n = -156. Give c(n).
23
Let b(c) = 26*c**3 - 5*c**2 - 43 + 18 - 25*c**3 + 22 + 2*c. Suppose -4*a = 3 - 15. Suppose a*x - 17 = -2. Calculate b(x).
7
Suppose -42 = -23*g + 4. Let r(p) be the second derivative of -p**5/20 + p**4/12 + p**3/6 - p**2/2 - 3*p. What is r(g)?
-3
Let b(h) = -h**2 + 4*h + 4. Let g(u) = -u**3 - 5*u**2 - 5*u. Let x be g(-4). Determine b(x).
4
Let g(n) be the second derivative of 1/2*n**2 - 1/3*n**4 + 5/6*n**3 - 1/20*n**5 - 11*n + 0. Give g(-